of 192 and h.
24
Suppose -111 - 675 = -156*x + 25*x. Calculate the greatest common factor of x and 2994.
6
Let l = 140 - 194. Let o = l - -118. What is the highest common factor of 4 and o?
4
Suppose -30 = -3*q - 2*h + 12, -5*q + 5*h = -95. Suppose -q*l + 27*l - 154 = 0. What is the highest common factor of 42 and l?
14
Suppose 680*o = 674*o + 54. Suppose 686 = -o*m + 4511. Calculate the highest common factor of m and 25.
25
Let p = 497 + 5606. Calculate the greatest common factor of 34 and p.
17
Let v = 959 - 527. Calculate the highest common factor of 189 and v.
27
Suppose -7*p = -16 - 5. Suppose 0 = -p*h - 357 - 45. Let y be 2 + 3 - 4 - h. Calculate the greatest common divisor of 15 and y.
15
Suppose 3*l - 3*a = 186, 0 = l - 2*l - 4*a + 77. Let q = 19867 + -19862. What is the greatest common factor of q and l?
5
Let l = -186 - -188. Let b be (0 - 7/(-3))/((-6)/(-18)). Calculate the highest common factor of b and l.
1
Let m be 981/15 + 208/(-520). What is the greatest common factor of 377 and m?
13
Let d(j) = j**3 - 4*j**2 - 15*j + 9. Let k be d(7). Let o = -30804 + 30974. Calculate the greatest common factor of o and k.
17
Suppose -17*k = -159 - 220 + 5. Calculate the highest common factor of 14751 and k.
11
Let k = -7492 + 7644. What is the greatest common factor of 228 and k?
76
Suppose l - 6 = -a, a - 2 + 6 = l. Let u be (28/42)/(a - (-52)/(-54)). Suppose 0 = y + 2*y - 108. Calculate the highest common divisor of u and y.
18
Suppose 0 = 3*d + l + 433 - 1084, -4*d = -l - 861. Suppose 2*z = -4*h + 114, 3*z - 63 = h - 3*h. Calculate the highest common factor of d and h.
27
Let c be (-36)/((-6804)/931) - 2/(-27). Calculate the highest common factor of c and 9795.
5
Suppose -9*g = -5*g + o - 15101, -4*g + 15107 = -o. What is the highest common factor of g and 48?
16
Let l = 2080 + -1302. Suppose -4*c - 20 = 0, 197 = 2*p - 3*c - l. Calculate the highest common factor of 15 and p.
15
Suppose 184 = 4*m + 2*k, 67*m + k - 47 = 66*m. Suppose p - 4*h - 54 = -0*h, h = 0. Let t be (p/10)/(m/150). Calculate the highest common factor of 90 and t.
18
Let q be 2 + (-16)/(-5) + (-5)/25. Suppose 2*r + 42 = q*m + 2, 0 = 4*m - 4*r - 32. Suppose -4*z - m*z = -240. What is the greatest common divisor of z and 180?
20
Let j = 178 - 50. Let n be (-1)/(3/(-2))*(j + -92). Calculate the highest common divisor of 24 and n.
24
Let k be ((-245)/(-21) - 9)*(106 - 1). What is the highest common divisor of k and 154?
14
Suppose 3*v - 6 = 0, -v = -o + 4*v - 25. Let r = o + 15. Suppose -z + x = -0*x - 6, x - 4 = r. What is the greatest common divisor of z and 2?
2
Suppose -5*k + o - 2*o = -50, -k - 3*o + 24 = 0. Suppose -118 = k*t - 370. What is the greatest common factor of 49 and t?
7
Let b(h) = -20*h - 12*h**2 + 3*h**2 - 9 + 8*h**3 - 9*h**3 - 3. Let f be b(-7). Calculate the highest common factor of f and 3.
3
Let d = -20140 - -29939. Calculate the greatest common divisor of 41 and d.
41
Let i(o) = 1017*o - 2956. Let z be i(3). What is the highest common factor of 2736 and z?
19
Let x(n) = -2*n + 5. Let g be x(7). Let l be (-2)/(-9) - 115/g. Let i = -1551 + 1603. Calculate the highest common divisor of i and l.
13
Let f(v) = -v**2 - 74*v - 213. Let q be f(-65). Calculate the greatest common divisor of q and 992.
124
Let x be -3*4/(-3) - 1. Suppose -x*c + 4*m + 265 = 0, c - 118 = -5*m + 2. What is the highest common factor of 38 and c?
19
Let a(k) = -4*k**2 + 639 + 640 - 1280 - 37*k. Let l be a(-9). What is the highest common factor of 4 and l?
4
Let k(a) = 3 - 56 - a - 10 - 35 - 40*a. Let p be k(-6). What is the greatest common factor of p and 111?
37
Let t = 8676 - 8149. What is the highest common factor of 403 and t?
31
Let l be 42*138/161 - (3 - 3). What is the greatest common divisor of l and 1308?
12
Let q = 133772 - 133750. Let g be (3 + -8)*4/(-5). What is the highest common factor of q and g?
2
Let z = 181 - 237. Let o be 25/5 + (1 - -1). Let r be 184/o - (-16)/z. What is the greatest common factor of r and 208?
26
Let i(a) = 13*a**2 + 190*a - 509. Let d be i(-42). Calculate the greatest common factor of 11 and d.
11
Suppose -134*k + 248 = -126*k. Suppose 2*l - l + 2*t - k = 0, -3*l = t - 68. Suppose -2*f - f + 567 = 0. What is the highest common divisor of f and l?
21
Let g(s) = 2*s**2 - 18*s + 66. Let j be g(-10). Suppose 0 = 3*y - 9, 7*y = 5*i + 9*y - j. What is the greatest common factor of 572 and i?
44
Suppose -13*m - 3*j = -8*m - 5136, 4112 = 4*m + 4*j. Calculate the greatest common factor of 9 and m.
9
Let w(g) = -8*g - 4. Let z be w(-6). Let i be (1 + 2)*1/(27/198). Let b = z - i. What is the greatest common divisor of b and 110?
22
Suppose -2*l + 42*j = 47*j - 2222, -4*l - 2*j + 4460 = 0. Calculate the greatest common factor of l and 108.
36
Let g(v) = 10*v - 66. Let y be g(15). Suppose -y*p + 88*p = 48. Suppose -6 = -2*x + 18. What is the greatest common factor of p and x?
12
Suppose -767*p + 1735 + 185 = -751*p. What is the greatest common factor of 260 and p?
20
Suppose 9 = 6*p + 15. Let i be 4/(-6) + p/((-24)/2320). Calculate the greatest common divisor of i and 128.
32
Let p = 3543 - 3342. What is the greatest common factor of 3 and p?
3
Let u = 20540 + -12200. Calculate the highest common factor of u and 120.
60
Suppose u - 2*c = -4, 2*u + 17*c + 17 = 12*c. Let j(b) = -114*b - 351. Let i be j(u). Calculate the greatest common divisor of i and 37.
37
Suppose 29309 = 2*g + 4*j - 137453, -g - j + 83386 = 0. Let v be g/147 - ((-5)/7 - -1). What is the greatest common divisor of v and 63?
63
Let k(v) be the first derivative of -57*v**2/2 - 14*v - 18. Let u be k(-5). Suppose a + 18 = u. What is the greatest common divisor of a and 23?
23
Let i(y) = 18*y**2 - 103*y - 376. Let t be i(-4). What is the highest common divisor of t and 2025?
81
Let l(j) = -j**2 - 152*j + 560. Let h be l(-80). Calculate the greatest common divisor of h and 560.
80
Let j be ((-44)/10)/(8 + (-1928)/240). Let m be (18 - 0)/(6/4). What is the highest common divisor of j and m?
12
Suppose 0 = i + 3*o - 35, 0*i - 65 = -3*i - o. Let h be 1 - ((-763)/5 + (-8)/i). Calculate the greatest common divisor of h and 140.
14
Let q = 80 + -28. Suppose 57*o - q*o = 35. Calculate the highest common factor of o and 35.
7
Let g = 1803 + -1748. Calculate the highest common divisor of g and 220.
55
Let z = 17225 + -17209. Calculate the highest common divisor of z and 12664.
8
Let r be (-297)/6*(1 - 7). Suppose -w + r = -3*k, -5*w + 1381 = k - 24. What is the greatest common factor of 12 and w?
6
Let v(i) = 13*i - 7. Let g be v(-5). Let a = 72 + g. Suppose a = -h + 6 - 5. Calculate the greatest common factor of 3 and h.
1
Suppose 3*h - 19441 = 4*q - 1046, 2*h + 5*q = 12248. Calculate the highest common divisor of 54 and h.
27
Suppose 0 = -7*m + 3*m - w + 2558, 0 = -3*m - w + 1918. What is the greatest common divisor of 10 and m?
10
Let c(w) = 5*w - 6. Suppose -o + 9 = -5*l, -2*o - l = 3*o - 19. Let s be c(o). Let x = s + 4. What is the highest common divisor of 144 and x?
18
Let w(g) = 1789*g - 10755. Let n be w(10). What is the greatest common factor of n and 5?
5
Suppose -10 = -2*c, -m + 4*c - 3*c = -7. Suppose -207*w + 184*w = -2346. What is the greatest common factor of w and m?
6
Suppose -3*g = 5*f - 13, -4*g - 5*f + 15 + 4 = 0. Suppose g*v + 41 = 173. Calculate the highest common factor of v and 66.
22
Let n(d) = 3*d**2 - 16*d - 9. Let t = -4 - -11. Let u be n(t). Suppose x - 229 = 5. What is the greatest common divisor of x and u?
26
Let u = -5288 - -6792. What is the highest common factor of 128 and u?
32
Suppose 14*g - 16*g = -650. Let b = g - 215. Suppose -6*a = -7*a + b. What is the highest common factor of 10 and a?
10
Suppose 599*c = 446*c + 29376. What is the highest common factor of 1776 and c?
48
Let p be (32/(-28) + 233516/70)*(-5)/(-2). What is the highest common divisor of 42 and p?
21
Let j(y) = 12*y**2 + 29*y - 80. Let i be j(-11). Calculate the greatest common factor of i and 78.
39
Let s(g) = 24*g**2 - 148*g - 301. Let u be s(-2). Calculate the highest common factor of 7917 and u.
91
Let d(h) = 4*h - 4. Let s be d(11). Suppose 2*a + s = 5*x, 3*x - 5*x = -a - 16. What is the highest common divisor of 44 and x?
4
Let t = -2151 - -8962. Calculate the greatest common factor of